 = 2*h, -5*r = l*h - 22 - 34. Calculate the remainder when 23 is divided by h.
11
Let j(u) = -u**2 + 8*u + 4. Suppose -3*s = a + 6, 5*a - 20 = 3*a + 2*s. Suppose 212 - 24 = 4*h. Calculate the remainder when h is divided by j(a).
15
Suppose 0 = -0*y + 4*y - 12. Suppose 3*t + t = 44. Calculate the remainder when t is divided by y*((-10)/(-3) - 2).
3
Suppose -5*h = -3*p - 24, 3*h - 2 = -p + 4. Let u(s) = 3*s + 1. What is the remainder when (-27 + -2)/(0 + -1) is divided by u(h)?
9
Let r = 181 - 107. Suppose -r = -2*n + 4*f, 0 = 2*n - n + 5*f - 16. Suppose 5*z - 35 - 20 = 0. Calculate the remainder when n is divided by z.
9
Let c(m) = -8 - 2*m + 15*m + 4*m**2 - 5*m**2. What is the remainder when 65 is divided by c(10)?
21
Suppose 0*g + 96 = 4*g. What is the remainder when g is divided by 1/2 - 50/(-4)?
11
Let z = -54 - -36. Let r = 4 - z. What is the remainder when 43 is divided by r?
21
Let o = 1 - -3. Suppose -4*l = -o*f, -7*l = -3*l - 3*f - 5. Suppose -c - 13 = 5*y, -3*c - l*y - 6 = -y. What is the remainder when c is divided by 2?
0
What is the remainder when 30 is divided by (-3)/((-12)/32 - 0)?
6
Suppose 2*t + 2*y - 78 = -4, t - 2*y = 34. What is the remainder when t is divided by (3 + -2)*38/2?
17
Suppose 0*d = -4*d + 52. Calculate the remainder when 50 is divided by d.
11
Let s = -3 + 4. Let r(q) = -4*q + 1. Let d be r(s). What is the remainder when ((-3)/d - -7)*2 is divided by 6?
4
Suppose -4*g - 152 = -288. Suppose -2*b + 33 = 5*r, -6 = 2*b + 4*r - 34. What is the remainder when g is divided by b*(-6)/(-14)*7?
10
Suppose 16 = -4*s, -4*t - t - 5*s + 230 = 0. Suppose 6*q = 5*q + 17. Calculate the remainder when t is divided by q.
16
Let r(y) = y**3 - y**2 + y + 13. Calculate the remainder when 38 is divided by r(0).
12
Let i(m) = 2*m**3 - 2*m**2 + 1. Let j be i(-1). Let x be 114/9 + (-1)/j. Let n = x + -9. What is the remainder when n is divided by 2?
0
Suppose -94 = -2*f + f. Calculate the remainder when f is divided by 19.
18
What is the remainder when (-154)/(-2) + 4 + -1 is divided by 27?
26
Suppose -72 = -4*t + 2*t - 2*i, -25 = -5*i. What is the remainder when 90 is divided by t?
28
Let c(w) = -13*w + 2 + 0 - 4*w. What is the remainder when c(-1) is divided by 5?
4
Let g = 146 + -96. Let b be 2/9 - g/(-18). Suppose j - 5 = k, b*j + 2*k = 2*j + 20. Calculate the remainder when 29 is divided by j.
9
Let q(c) = c**3 + 5*c**2 - 17*c - 4. What is the remainder when 65 is divided by q(-7)?
14
Let j(n) = n**3 - 7*n**2 - 3*n + 9. Calculate the remainder when j(8) is divided by 10.
9
Let o(m) = 2*m**2 + m + 1. Let z be o(-1). Suppose -a = -2 - z. Calculate the remainder when 13 is divided by a.
1
Suppose -7*q = -6*q - 7. What is the remainder when q is divided by 6?
1
Calculate the remainder when 12 is divided by 3 - 6 - 40/(-5).
2
Suppose 3*l + 48 = 2*u + 4, 66 = 3*u + 4*l. Let t = -5 - -5. Suppose -2*c + 2*b = -c - 4, c - b - 6 = t. Calculate the remainder when u is divided by c.
6
Let j be 5/(-2)*18/(-15). Let o be 3 - j - (-1 + -2). Suppose z - 4*x + 1 = 0, -o*x = 4*z - 3 - 12. Calculate the remainder when 8 is divided by z.
2
Suppose -36 = -2*a + 3*b, -5*a + 3*a + 4*b + 36 = 0. What is the remainder when 34 is divided by a?
16
Let b = 126 - 78. What is the remainder when b is divided by 11?
4
Calculate the remainder when 10 is divided by 1*((-10)/(-2) + -2).
1
Suppose 4*d - 8 = 4*n, -d = -4*n + 2*n + 1. Let t be ((-4)/(-10))/(2/50). Let o = t - 5. Calculate the remainder when o is divided by n.
2
Let t = -6 + 11. Let y(n) = -n**3 + 5*n**2 + 2*n - 3. Let q = 15 + -11. What is the remainder when y(t) is divided by q?
3
Let v(p) = 3*p - 7. Let d(x) = -13*x - 21. Let i(l) = -6*l - 10. Let n(o) = 3*d(o) - 7*i(o). Calculate the remainder when n(5) is divided by v(5).
6
Suppose 5*s - 325 = 3*d, 5*s - d = -4*d + 325. What is the remainder when s is divided by (-392)/(-18) - (-4)/18?
21
Let h = 198 + -105. What is the remainder when h is divided by 32?
29
What is the remainder when (-4 + 1)*1 + 4 is divided by 1?
0
Suppose 0 = -3*a + 21 + 3. Let i = a - -2. Let f(w) = w**3 + 4*w**2 - 6*w + 1. Calculate the remainder when i is divided by f(-5).
4
Let d = 26 - 17. What is the remainder when d is divided by 5?
4
Let c(r) = -r**2 + 11*r - 3. What is the remainder when 43 is divided by c(9)?
13
Suppose 4*p + 5*r = p + 133, -p + 4*r + 67 = 0. Calculate the remainder when (-1)/(-4) - p/(-4) is divided by (10/(-4))/((-6)/12).
3
Let v = -258 + 362. Calculate the remainder when v is divided by 53.
51
What is the remainder when 108 is divided by 22 + (2 - (-8)/(-4))?
20
Let u = -42 - -80. Suppose -11 = 3*x + 43. Calculate the remainder when u is divided by (2 - x) + 0/1.
18
Suppose -29*g = -24*g - 445. What is the remainder when g is divided by 13?
11
Suppose 3*d = 21 + 138. Suppose 36 = w + w. Calculate the remainder when d is divided by w.
17
What is the remainder when (126/28)/(1/12)*1 is divided by 22?
10
Suppose -54 = -13*d + 10*d. What is the remainder when 63 is divided by d?
9
Suppose 2*w = 5*t + 67, -5*w + 3*w - 4*t = -22. Calculate the remainder when 41 is divided by w.
20
Let a be 3 + (-22)/(3 + -5). Suppose -a = -5*n + 86. Calculate the remainder when 58 is divided by n.
18
Let c be 6 + (-1)/(-2)*4. Let v = c + -4. Let y(b) = 4*b - 2. Calculate the remainder when y(4) is divided by v.
2
Suppose 3*n + x = 55, -n - 3*x + 25 = -4*x. What is the remainder when 37 is divided by n?
17
Suppose 11*s = -2*s + 143. What is the remainder when s is divided by 2?
1
Suppose u = 3*k - u - 181, 2*u = -4*k + 246. Let o be ((-2)/(-6))/(1/18). Suppose -5*l - 16 = -o*l. What is the remainder when k is divided by l?
13
Let i(j) = -j - 4. Let d be i(-9). Suppose 0 = -b + 4*a - d*a + 18, 3*b = -5*a + 62. What is the remainder when 55 is divided by b?
13
Let z(j) = -15*j**3 - j - 1. What is the remainder when z(-1) is divided by 8?
7
Suppose -14*x + 18*x - 204 = 0. What is the remainder when x is divided by 11?
7
Let k(u) = -u**2 - 22*u - 48. What is the remainder when 44 is divided by k(-19)?
8
Let z(f) = 12*f + 2. What is the remainder when 55 is divided by z(1)?
13
Let p(o) = 2*o**2 + 5*o + 5. Suppose -3*t + 8*t = -20. What is the remainder when 65 is divided by p(t)?
14
Let j(c) = -c. Let r be j(6). Let q(t) = t**2 + 7*t + 15. Calculate the remainder when 24 is divided by q(r).
6
Suppose -d + 30 = -7. Calculate the remainder when d is divided by 13.
11
Let d = 36 + -26. Calculate the remainder when (-81)/(-6)*(0 + 2) is divided by d.
7
Suppose -5*z - 30 = -7*z. What is the remainder when z is divided by 3?
0
Suppose -y + 20 = -x - 3*x, -5*x = y - 20. What is the remainder when 97 is divided by y?
17
Let q(i) = i**3 - 8*i**2 + 10*i - 6. Let v = -11 - -18. Calculate the remainder when 28 is divided by q(v).
13
Let v(w) = 2*w + 2. Suppose 0 = -6*p + 2*p + 116. Suppose -4*y + p = -3. What is the remainder when 35 is divided by v(y)?
17
Let f(a) = 2*a**2 + 13*a + 2. Let z = 16 + -11. Suppose -4*m - h = -49, -2*h = -m + 5 + z. Calculate the remainder when f(-9) is divided by m.
11
Let d(t) = -t**3 + 6*t - 1. Let s be d(4). Let a = s - -29. What is the remainder when 4/(-2) + (0 - a) is divided by 4?
2
Suppose -k = -0*k + v - 3, 3*k - 16 = 4*v. Let z = 7 - k. What is the remainder when z is divided by 2?
1
Let n(p) = 3*p + 19. Calculate the remainder when 133 is divided by n(5).
31
What is the remainder when 106 is divided by ((-6)/18)/(5/36)*-5?
10
Let z be (-231)/(-18) - (-4)/24. Let a = -9 + z. Suppose a*p + 21 = 177. What is the remainder when p is divided by 20?
19
Let q(m) = -m**3 + 6*m**2 + 2*m - 7. Let i be q(6). Let r = i + 0. Calculate the remainder when 14 is divided by r.
4
Suppose -2*h = -0*h + 5*t - 199, 5*t = 5. Suppose -4*o + 2*o = -3*n + 85, -o + 20 = n. What is the remainder when h is divided by n?
22
Let q(d) = d**2 + d - 1. Let o be q(-8). Suppose 6*t - t = o. Calculate the remainder when 32 is divided by t.
10
Let f(k) = 12*k + 4. Let o be f(6). Suppose o = 3*a + a. Calculate the remainder when a is divided by 7.
5
Let p be 1/(-2) - (-2)/4. Suppose a - 13 - 9 = p. Calculate the remainder when a is divided by 6.
4
Suppose 0 = p + 2 + 8. What is the remainder when (-23 + p)/((-3)/1) is divided by 4?
3
Let m(d) = -d**2 + 4*d + 6. Let b be m(6). Let 